 = 1 + 0 - 2*h**3 - h + 3*h**3. Give c(i).
1
Let v(x) be the third derivative of x**5/60 - x**4/6 - x**3/3 + 3*x**2. What is v(3)?
-5
Let l be -5 - -3 - (0 - 0). Let g = l + 5. Let s(f) = f**3 - 2*f**2 - 3*f + 3. Calculate s(g).
3
Let g(i) be the second derivative of -1/20*i**5 + 0 - 1/3*i**4 - 2*i - 1/2*i**3 + 1/2*i**2. Determine g(-3).
1
Let x(y) be the second derivative of -y**5/20 - y**4/2 - y**3/6 - 4*y**2 + 3*y. Give x(-6).
-2
Let v = -52 + 48. Let g(r) be the second derivative of -r**6/120 - r**5/12 - r**4/6 - r**2/2 + r. Let o(m) be the first derivative of g(m). What is o(v)?
0
Let x(k) be the first derivative of k**3/3 + 6*k**2 + 14*k - 34. Determine x(-10).
-6
Let t(m) be the third derivative of -m**6/120 - m**5/12 - m**4/12 + m**3/3 - 3*m**2. Let k = 3 - 7. Give t(k).
-6
Let t be 8 - (2/1 + 2). Let f(y) be the first derivative of -y**3 - 3*y + 2 + 1/4*y**t - 5/2*y**2. Determine f(4).
-7
Suppose 2*y = -f + 5*y + 16, -4 = -3*f - 2*y. Let a(q) = -5 + 0*q - f*q**2 + 0 + q + q**3. Let r be ((-6)/(-4))/(3/8). Calculate a(r).
-1
Suppose -p + 16*p = -15. Let x(l) = 2*l**2 - 4*l**2 - 4*l**2. What is x(p)?
-6
Let k(y) be the second derivative of y**4/12 + 5*y**3/6 + y**2/2 - 6*y. Give k(-5).
1
Let p(n) = 4*n**2 + n + 1. Let d(b) = 5*b**2 + 2. Let y(l) = 6*d(l) - 7*p(l). Give y(4).
9
Let u(s) = -s - 5. Let h(o) = 2*o + 7. Let p be h(-5). Let x(b) = b + 2. Let q(k) = p*u(k) - 5*x(k). Determine q(4).
-3
Let u be 1*15/(-2)*24/(-30). Let g(o) = o**2 - 6*o - 3. Give g(u).
-3
Let y(h) = -16 + 12 + 6*h + h**2 - 7*h. Calculate y(-4).
16
Let b(m) = -m + 9. Suppose -2*o + 3*q = q - 20, 0 = 4*o - q - 40. What is b(o)?
-1
Let a(g) = -4 - 2*g + 4*g - 3*g. Let c(r) = -r**3 - 8*r**2 - 5. Let z = -6 - 2. Let h be c(z). What is a(h)?
1
Let o(b) = -7 + 6 + 0 + b**2. Let l(w) be the third derivative of w**5/15 + w**4/24 - 7*w**3/6 + w**2. Let v(j) = l(j) - 6*o(j). Calculate v(2).
-7
Let n = 4 - 9. Let f(o) = o - 1. Let v(m) = -4*m - 4. Let r(c) = f(c) + v(c). What is r(n)?
10
Let w(d) = -d**2 + 7*d - 2. Let n be w(6). Let z(m) = 4 + 0*m + n*m + m - 3. Calculate z(-1).
-4
Let f(a) = a**3 - 4*a**2 - 3*a + 3. Let k = 0 - 7. Let r = -5 - k. What is f(r)?
-11
Let y(z) = z**3 + 5*z**2 + 5*z - 4. Suppose -3*k - 20 = 2*k. Calculate y(k).
-8
Suppose 0 = -y + 3*y - 4. Suppose y*b - 3*b = 0. Suppose 5*w - w = b. Let s(q) = -q + 1. Determine s(w).
1
Let i(j) = 5*j + 2. Let f = 134 + -136. Determine i(f).
-8
Let o(q) = 7 - q + 2*q**2 - 2 - 3*q**2. Suppose -9 - 11 = -4*r. Suppose 3*g - 6 = 2*g + 5*v, 3*v - 14 = r*g. What is o(g)?
-7
Let i(f) = 3*f**3 + 2*f**2 - f. Let d be i(1). Suppose -4*w = 2*j - 12, -d*j + 8 = -j + w. Let n(b) = b - 3*b**2 + 2 - 3 - 3*b**2 + 0*b**j. Calculate n(1).
-6
Let c = 25 - 23. Let x(n) be the first derivative of -c + n - 1/2*n**2. Give x(-5).
6
Let w(y) be the third derivative of y**5/60 + 3*y**4/8 - 4*y**3/3 + 8*y**2. Calculate w(-9).
-8
Let d(x) = 7*x + 1. Let j = -20 + 21. What is d(j)?
8
Let u(z) = -z - 2. Let o = 14 - 8. Let b(i) = i**3 - 7*i**2 + 6*i + 5. Let w be b(o). What is u(w)?
-7
Suppose 3*w + 10 = -5*q, -4*w - w = 3*q - 10. Let j(u) = -6 - w*u + 14 - 7. Give j(2).
-9
Let m(a) be the second derivative of -a**8/6720 + a**7/630 + a**5/24 + a**4/6 - a. Let w(y) be the third derivative of m(y). What is w(4)?
5
Let h be (-238)/(-70) + (-4)/10. Let d(s) = s**3 - 4*s**2 + s - 4. Give d(h).
-10
Suppose -5*o + 2*o = -4*z, 0 = 2*o - z. Let w(s) = 1 + 5 + o + s - 1. Calculate w(-4).
1
Let n(w) be the second derivative of -w**3/6 + w**2 + w. Let d be n(0). Let t(b) = -3*b + 9*b + d*b. Determine t(-1).
-8
Let p(b) = 0*b - 2*b - 2 + 2. Suppose 56 = -0*l + 2*l. Suppose 4*t + 4*u = l, 0 = -2*t - 2*t - 5*u + 33. Calculate p(t).
-4
Let n(m) = -6*m**2 + 3*m**2 - m**2 - 4 + 0*m**2 + m**3 + 3*m. Calculate n(4).
8
Suppose x + 2 = -2. Let k(t) = -t**2 - 3*t + 5. What is k(x)?
1
Suppose 0 = 3*w - 6, -3*o + 8 = o - 4*w. Let v(k) = -2*k + 2*k**2 + 7*k + k**3 + o*k**2. Give v(-5).
0
Suppose 2*y = v - 8 - 0, 2*y - 12 = -4*v. Suppose v + 2 = 5*s - 4*m, 2*m = 2*s - 4. Let d(u) = u - 2. What is d(s)?
-4
Let w be 14 - ((-8)/(-2) + -2). Let x = 17 - w. Suppose -2 = -x*z + 13. Let i(d) = 2*d - 4. Determine i(z).
2
Let o(l) = -l**2 - 1. Let p(w) be the second derivative of w**4/12 + 5*w**3/6 - 2*w**2 + 3*w. Let j(r) = -2*o(r) - p(r). Suppose -2*v + v = -5. Give j(v).
6
Let a(b) be the first derivative of -b**4/4 + 5*b**3/3 - b**2/2 + 7*b + 3. Calculate a(5).
2
Let n(g) = -g**2 + g + 4. Let p be (-72)/28 + (-6)/14. What is n(p)?
-8
Let l(z) = 8*z + 5. Let r(x) = 7*x + 5. Let u(d) = 6*l(d) - 7*r(d). Let h be u(-5). Let t(q) = q**3 + q**2 - 10. Give t(h).
-10
Let k(i) = 2*i**2 - 3*i + 4. Let g be k(2). Let d(s) = s + 1. Calculate d(g).
7
Let i(b) = b**2 + b + 1. Let f(q) = -5*q**2 - 3*q - 1. Let j(w) = -f(w) - 2*i(w). Suppose 3*u = 5*h + 3, 1 = 2*u - u + h. Give j(u).
3
Suppose -4*u - 20 = -9*u. Let f(a) = -3*a**3 + 5*a**2 + 2*a + 6. Let x(l) = -10*l**3 + 16*l**2 + 6*l + 19. Let h(s) = -7*f(s) + 2*x(s). Give h(u).
4
Let m(n) be the second derivative of n**4/12 + 2*n**3/3 + 2*n**2 - 12*n. Determine m(-3).
1
Let n be 3 - (2 + 1*(-1 + -1)). Let i(j) = -2*j**2 + j + 4. Give i(n).
-11
Let k(p) = p**3 - 5*p**2 + 4*p + 1. Suppose -m + 21 = -4*m. Let l = 10 + m. Suppose l*u + u = 16. Calculate k(u).
1
Let y(g) = g**3 - 5*g**2 - 5*g - 2. Let l be y(6). Suppose l*v - 41 = 5*p, -v + 5*p + 27 = -2. Let f(q) = q - 1 - v*q - 4*q. Determine f(-1).
6
Let l = -21 - -24. Suppose l*v = -4*k + 13, 2*k - 7*k = -2*v + 1. Let g(n) = -17*n + 1. What is g(k)?
-16
Let l(d) = -d**3 + 4*d**2 + 3*d + 4. Let o = -2 - -2. Let g = 5 - o. Give l(g).
-6
Let b(a) be the second derivative of -1/3*a**3 + 2*a**2 + 0 + 4*a. Calculate b(-4).
12
Let p(t) = -6 - 72*t + 5 - 3*t**2 + 69*t. Calculate p(-2).
-7
Let z be (-3 - -3)*(1/(-2) - -1). Let s(v) be the second derivative of v**2 - 1/6*v**3 - v + z. What is s(2)?
0
Let x(r) be the first derivative of -1/24*r**4 + 1/6*r**3 + 1/2*r**2 + 0*r + 4. Let m(t) be the second derivative of x(t). Give m(2).
-1
Let v be (-3)/9 + 4/36*111. Let i(z) = -z + 17. What is i(v)?
5
Let x(v) be the first derivative of v**4/4 + 2*v**3/3 - 3*v**2/2 - 2*v + 2. Suppose 4*a = d + d + 6, 4*a = 12. Suppose -b + 0*b - d = 0. Determine x(b).
-2
Let s be 1*(2 + -1) - -3. Let i(q) = 2*q**2 - 4*q + 0*q**2 + 2*q + 1 - s*q**2. Calculate i(-2).
-3
Let d(s) = -s - 3. Let q be d(-5). Suppose -u = u - q. Let r be 6*((-2)/(-4))/u. Let l(c) = -c**3 + 2*c**2 + 2*c - 1. What is l(r)?
-4
Let w(u) = 6*u + 8*u - 1 - u. Give w(-1).
-14
Let f(b) = b**3 - 5*b**2 + 3*b + 4. Let t = 14 - 11. Calculate f(t).
-5
Let f(q) be the second derivative of -q**3/6 - 13*q**2/2 + q - 27. Determine f(-7).
-6
Let b(z) = -z**2 + 4*z + 1. Let v be b(3). Let w(j) = -v*j**2 - j + 0*j**3 - 2*j - 1 - j**3. What is w(-2)?
-3
Let o(u) = u + 7. Let r be 17/(85/(-8))*(-10)/(-4). Calculate o(r).
3
Let o(a) = 6*a**3 - a**2 - a + 1. Let p = 36 - 35. What is o(p)?
5
Let d(v) be the second derivative of v**5/20 - v**4/2 - v**2/2 + 54*v. Let m be 2 + 0 + -1 + 5. Give d(m).
-1
Let b(f) = f**3 + f - 7. Let u be 0 + 1 + 0 + -3. Let k be 0/(-1)*(-3 - u). What is b(k)?
-7
Let l(r) be the second derivative of -r + 1/3*r**3 + 0*r**2 + 0. Let x(d) = d**2 - d. Let p be x(2). What is l(p)?
4
Suppose 0*r + 3*r - 6 = 0. Let h(f) be the third derivative of 0 - 1/30*f**5 - 5*f**2 + 1/60*f**6 + 0*f + 0*f**4 - 1/3*f**3. Determine h(r).
6
Let s(d) = -d**2 - 3*d - 1. Let j(v) = -2*v + v - 4 + 1. Let b be j(-7). Suppose -p - 12 = 4*i, 0*i + b*p + 6 = 5*i. Determine s(i).
1
Suppose p = 1 + 2. Let a(k) = -3 + k + p*k + 1. What is a(2)?
6
Let b be (9/2)/((-6)/(-12)). Suppose -o + 20 = -5*h, b = 4*o - 11. Let c(f) = -2*f**2 - 3*f. Give c(h).
-9
Suppose 20 = -5*q - 0*q. Let o(t) be the first derivative of t**2 - 3*t**2 - 5 + 17 - 2*t + t**2. Calculate o(q).
6
Let c(a) be the third derivative of -a**6/720 - a**5/120 - a**4/8 - 2*a**2. Let h(r) be the second derivative of c(r). What is h(-6)?
5
Let a be ((-10)/20)/((-1)/(-4)). Let x(h) = -2*h**2 - 2*h + 1. Determine x(a).
-3
Let c(k) be the first derivative of k**3 + k**2 - 2*k + 28. Calculate c(-2).
6
Let t(b) = -2*b**2 + 20 + 6*b - 14 + 3*b**2. Determine t(-4).
-2
Let v(m) = 1 - 10 + 3*m + 7. Let g(a) = -6*a 